{"id":9,"date":"2015-10-26T19:08:56","date_gmt":"2015-10-26T19:08:56","guid":{"rendered":"http:\/\/www.funerariasanfelipe.com.mx\/?page_id=9"},"modified":"2019-04-26T19:33:24","modified_gmt":"2019-04-26T19:33:24","slug":"servicios","status":"publish","type":"page","link":"https:\/\/www.funerariasanfelipe.com.mx\/index.php\/servicios\/","title":{"rendered":"SERVICIOS"},"content":{"rendered":"<p>[vc_row][vc_column width=&#8221;2\/3&#8243;][vc_column_text css=&#8221;.vc_custom_1556307348602{padding-top: 15px !important;padding-right: 15px !important;padding-bottom: 15px !important;padding-left: 15px !important;background-color: #ffffff !important;}&#8221;]<strong>SERVICIOS DE USO INMEDIATO<\/strong><\/p>\n<p>Sabemos que no siempre estaremos asegurados cuando se suscite la p\u00e9rdida de un ser querido, por lo que Inhumaciones San Felipe cuenta con el sistema de Servicios de Uso Inmediato, los cuales le brindar\u00e1n asesor\u00eda de principio a fin durante ese dif\u00edcil acontecimiento.<\/p>\n<p><strong>Nuestros servicios funerarios incluyen:<\/strong><\/p>\n<ul>\n<li>Recoger el cuerpo del lugar del fallecimiento desde cualquier parte de la Rep\u00fablica Mexicana<\/li>\n<li>Embalsamamiento y est\u00e9tica del cuerpo<\/li>\n<li>Ata\u00fad a su elecci\u00f3n (prestaci\u00f3n en caso de cremaci\u00f3n)<\/li>\n<li>Cremaci\u00f3n del cuerpo, si es el caso<\/li>\n<li>Capilla de velaci\u00f3n<\/li>\n<li>Servicio de cafeter\u00eda<\/li>\n<li>Estampas religiosas<\/li>\n<li>Libro de recuerdos<\/li>\n<li>Traslado al templo<\/li>\n<li>Traslado al cementerio o, en su caso, al crematorio<\/li>\n<li>Gestor\u00eda ante las autoridades correspondientes para efectuar la inhumaci\u00f3n o la cremaci\u00f3n<\/li>\n<li>Cruz de madera o dep\u00f3sito para cenizas<\/li>\n<\/ul>\n<p>[\/vc_column_text][\/vc_column][vc_column width=&#8221;1\/3&#8243;][vc_single_image image=&#8221;1817&#8243; img_size=&#8221;large&#8221;][\/vc_column][\/vc_row]<\/p>\n","protected":false},"excerpt":{"rendered":"<p>[vc_row][vc_column width=&#8221;2\/3&#8243;][vc_column_text css=&#8221;.vc_custom_1556307348602{padding-top: 15px !important;padding-right: 15px !important;padding-bottom: 15px !important;padding-left: 15px !important;background-color: #ffffff !important;}&#8221;]SERVICIOS DE USO INMEDIATO Sabemos que no siempre estaremos asegurados cuando se suscite la p\u00e9rdida de un ser querido, por lo que Inhumaciones San Felipe cuenta con el sistema de Servicios de Uso Inmediato, los cuales le brindar\u00e1n asesor\u00eda de principio a fin [&hellip;]<\/p>\n","protected":false},"author":1,"featured_media":0,"parent":0,"menu_order":0,"comment_status":"closed","ping_status":"open","template":"","meta":{"footnotes":""},"class_list":["post-9","page","type-page","status-publish","hentry","post"],"_links":{"self":[{"href":"https:\/\/www.funerariasanfelipe.com.mx\/index.php\/wp-json\/wp\/v2\/pages\/9","targetHints":{"allow":["GET"]}}],"collection":[{"href":"https:\/\/www.funerariasanfelipe.com.mx\/index.php\/wp-json\/wp\/v2\/pages"}],"about":[{"href":"https:\/\/www.funerariasanfelipe.com.mx\/index.php\/wp-json\/wp\/v2\/types\/page"}],"author":[{"embeddable":true,"href":"https:\/\/www.funerariasanfelipe.com.mx\/index.php\/wp-json\/wp\/v2\/users\/1"}],"replies":[{"embeddable":true,"href":"https:\/\/www.funerariasanfelipe.com.mx\/index.php\/wp-json\/wp\/v2\/comments?post=9"}],"version-history":[{"count":0,"href":"https:\/\/www.funerariasanfelipe.com.mx\/index.php\/wp-json\/wp\/v2\/pages\/9\/revisions"}],"wp:attachment":[{"href":"https:\/\/www.funerariasanfelipe.com.mx\/index.php\/wp-json\/wp\/v2\/media?parent=9"}],"curies":[{"name":"wp","href":"https:\/\/api.w.org\/{rel}","templated":true}]}}